9))?
6
Let d(k) = -2*k**3 + 61. Let p be d(0). Suppose -3*r + 2 = -x + 2*x, -r - 5*x = -10. Let j = p - r. What is the remainder when j is divided by 21?
19
Let w = 13 + -8. Suppose 54 + 20 = 2*q. Suppose 232 - q = w*y. What is the remainder when y is divided by 10?
9
What is the remainder when 120 is divided by ((-24)/(-14))/((-12)/(-462))?
54
Let u = 25 - 19. Let o be 6/9 + 26/u. Calculate the remainder when 50 is divided by (26/o)/(4/10).
11
What is the remainder when 30 is divided by ((-8)/(-40))/((-16)/60)*-24?
12
Let g(b) = b**2 - 5*b + 6. Let q be (-4)/1 + (2 - (1 + -30)). Suppose q*f - 10*f - 187 = 0. Calculate the remainder when f is divided by g(5).
5
Let f(w) = w**2 + 14*w + 7. Let r be f(-14). Let s = r - -2. Let n = s - -2. What is the remainder when 21 is divided by n?
10
Let s = -21 - -62. What is the remainder when 81 is divided by s?
40
Let i(s) = 2*s**2 - 13*s - 7. Let h be i(7). Let r(a) = -2*a**2 - 2*a + 75. What is the remainder when r(h) is divided by 13?
10
What is the remainder when 602/6 + (-3)/9 is divided by 28?
16
Let z = 456 - 282. Suppose 4*y = -4*d + 224, -2*y = y + 5*d - z. What is the remainder when y is divided by 28?
25
Suppose -132 = -3*q + 5*a, 4*a + 72 = q + 21. Calculate the remainder when q is divided by 12.
3
Suppose 5*g = 107 - 17. Let b(j) = -j**3 + 5*j**2 - 3*j - 3. What is the remainder when g is divided by b(3)?
0
Let o(t) = t**3 + 18*t**2 + 19*t - 15. Let x be o(-17). Let a = 61 + x. Calculate the remainder when 80 is divided by a.
8
Calculate the remainder when 134 is divided by (-40)/3*((-66)/4)/11.
14
Suppose 3*q - 15 = 5*g + 1, 4*g = 2*q - 12. Let x(d) = d**3 + 3*d**2 + 2*d + 4. Calculate the remainder when x(g) is divided by 1.
0
Suppose 4 = 9*f - 8*f. Suppose a + a - 72 = f*c, -5*a + 5*c = -195. What is the remainder when 83 is divided by a?
41
Suppose 9 = -o - 3*s - s, -3*s = -4*o + 59. Let h = 24 - o. Let j(b) = -4*b**3 - 3*b**2 - b + 1. What is the remainder when j(-2) is divided by h?
10
Suppose 295*a + 420 = 305*a. Calculate the remainder when 131 is divided by a.
5
Suppose -4*y - 39*y = -5289. What is the remainder when y is divided by 14?
11
Let g be 1*((-3 - -4) + 2). Suppose -5*n - 2*w = 105, -101 = g*n + n + 5*w. Let t = 5 - n. Calculate the remainder when 94 is divided by t.
22
Let h(s) = 69*s**2 + 14*s + 14. What is the remainder when h(-1) is divided by 5?
4
Let k(i) = -i**2 - i - 7*i**2 + 10 + 0*i**2 + i**3. Let n be k(8). Calculate the remainder when 24 is divided by 0 - (-8 + -3) - n.
6
Let l(f) = f**2 - 13*f. What is the remainder when 222 is divided by l(15)?
12
Let t(v) = -v**3 + 9*v**2 - 9*v + 9. Let f be t(6). Let j = -39 + f. Calculate the remainder when 70*2/(-4)*-2 is divided by j.
22
Let s = -755 + 1030. Calculate the remainder when s is divided by 129.
17
Let u(i) = 12*i - 7. What is the remainder when u(8) is divided by 0 + (-36)/(-5 - -3)?
17
Suppose -2*v = 6, -2*v - 50 = -2*x - 0*v. Let u = x - 8. Calculate the remainder when 151 is divided by u.
11
Suppose 4*r + 4*p - 152 = 0, 150 - 4 = 4*r + 2*p. Suppose -2*a = -r - 9. Calculate the remainder when 41 is divided by a.
19
Let u(l) = -l**2 + 19*l + 37. Calculate the remainder when u(12) is divided by 87.
34
Suppose 5*k = -5*s + 240, 5*s = 2*k + 225 - 13. What is the remainder when 51 is divided by s?
7
Suppose 6*o - 10 = o. Suppose 0 = -5*m + n + 137, 4*n = -m + 3*m - 62. What is the remainder when m is divided by (2 - 1) + 4 + o?
6
Let g be ((-21)/(-2))/(54/360). Suppose -4*b = 2*n - g, 6*n - 4*b - 133 = n. What is the remainder when n is divided by 10?
9
Suppose 0 = -4*h - 3*y + 120, 3*h = -0*h + 2*y + 73. Let u = h + -19. Let v(d) = d**2 - 17*d + 4. What is the remainder when u is divided by v(0)?
0
Calculate the remainder when 358 is divided by -35 - -55 - 7/((-21)/12).
22
Suppose -5 + 1 = -r. Let f(o) = -4*o**3 + 0 + 2 - 3*o + 6*o**3 - 5*o**2. Calculate the remainder when f(r) is divided by 13.
12
Calculate the remainder when 178 is divided by (-14)/(-21)*345/(-40)*-4.
17
Let n(p) = -p**3 + 5*p**2 + 3*p + 7. Suppose 73*s - 3151 = 1448. What is the remainder when s is divided by n(5)?
19
Let d = 1418 - 395. Calculate the remainder when d is divided by 19.
16
Suppose -32*c - 2383 + 8047 = 0. Calculate the remainder when c is divided by 27.
15
Let l(s) = -s**3 + 14*s**2 - 8*s - 97. Calculate the remainder when 218 is divided by l(12).
28
Let n(s) = 3*s + 10. Let a be 3 + (-12)/(-2) + -4. Let i be n(a). What is the remainder when 2/(-10) + 655/i is divided by 7?
5
Suppose -w + 137 = 2*h + h, 0 = -5*h - 4*w + 240. Calculate the remainder when 306 is divided by h.
42
Let g = -939 + 1627. Calculate the remainder when g is divided by 53.
52
Let d(p) = 51*p**2 + 0*p - 2 - 47*p**2 + p. Suppose -4*v + 2 = -2*j - 0*v, 1 = v. Calculate the remainder when 11 is divided by d(j).
2
Let n = -793 + 904. Calculate the remainder when n is divided by 13.
7
Let t = 3 - 22. Suppose 86 = -l - 5*r, -4*r - 157 = 2*l + r. Let g = t - l. What is the remainder when g is divided by 14?
10
Suppose b + 24*b = 650. Calculate the remainder when 53 is divided by b.
1
Suppose 3*a - a - 120 = -4*z, -4*z + 118 = 3*a. Let x(c) = -5*c + 35. Calculate the remainder when x(-30) is divided by z.
30
Let k = -21 - -48. Calculate the remainder when -1*(48/8 - 7) + (321 - 0) is divided by k.
25
Suppose i + 0 = 4, -4*i + 24 = 2*l. Calculate the remainder when 42 is divided by 8*33*l/48.
20
Suppose -3 = -4*h + h. Suppose 4*y = 27 + h. What is the remainder when y is divided by -1 + 0 + 4 - -1?
3
Let l be 6/(-33) + 553/77. Suppose l*z = -3*z + 320. What is the remainder when 127 is divided by z?
31
Let o(v) = -v**2 - 7*v - 7. Let b be o(-6). Calculate the remainder when (2 + b)*(-1288)/(-7) is divided by 31.
29
Suppose 10*c - 7*c - 174 = 0. Let g = 12 - -3. What is the remainder when c is divided by g?
13
Let u(g) = -6*g - 13. Let o(j) = 9*j + 14. Let r(l) = 3*o(l) + 4*u(l). Let n = 15 - 5. What is the remainder when r(n) is divided by 8?
4
Suppose -q + 11 = 6. Suppose 2*k + 36 = q*n, 9 = -4*n + 2*k + 39. Calculate the remainder when 7 is divided by n.
1
Suppose -5*i + 5*t = -50, 0 = 2*i - 2*t + 4*t - 8. Calculate the remainder when 20 is divided by i.
6
Let o(r) = 2 - 101*r - 5 + 104*r. Calculate the remainder when 26 is divided by o(3).
2
Let u = 285 + -161. Let t(j) = j**3 + 13*j**2 + j + 45. What is the remainder when u is divided by t(-13)?
28
Let a = 11 - -18. Suppose -2*r + 28 = 5*r. Suppose y = -r + a. What is the remainder when 73 is divided by y?
23
Suppose -125*d = -129*d + 340. Calculate the remainder when 757 is divided by d.
77
Let m(r) = 8*r - 17. Let g be m(3). Let o(w) = w**2 - 9*w + 51. Calculate the remainder when 143 is divided by o(g).
32
Let d = -4303 - -6179. What is the remainder when (d/(-42))/((-2)/3) is divided by 34?
33
Let w(y) = y + 16. Suppose z = -3*z + 32. What is the remainder when w(0) is divided by (8/6)/(z/36)?
4
Let c(p) = 2*p**2 + 9*p + 21. Calculate the remainder when 235 is divided by c(-3).
7
Let g be ((-12)/10)/((-33)/(-110)). Calculate the remainder when 32 is divided by (g - -7)*(-17)/(-3).
15
Let q(z) = z**3 + 8*z**2 + 3*z - 13. Let k be q(-7). Suppose -4*n + 2*n - 3*o = -32, k = n + o. What is the remainder when 24 is divided by n?
11
Let r(g) = 110*g - 66. Let v(y) = -37*y + 22. Let o(x) = 4*r(x) + 11*v(x). Calculate the remainder when o(2) is divided by 24.
20
Suppose 17 = -l + 24. Suppose -3*o + 8 = -l*o. What is the remainder when 41 is divided by ((-60)/8 - -2)*o?
8
Suppose -i = 3*t - 1002, -3*t + 1549 - 529 = -5*i. What is the remainder when t is divided by 86?
77
Suppose 1800 + 273 = 5*v + 3*z, -405 = -v - 3*z. What is the remainder when v is divided by 206?
5
Let o = 5 + 10. Let f = -3 + 1. What is the remainder when o is divided by 1 + f/((2/3)/(-1))?
3
Let o = 16 - -50. Suppose v + f = o, -4*v = -6*f + f - 282. Calculate the remainder when v is divided by 35.
33
Suppose 0 = 10*i - 8*i - 178. Suppose -5*r = y - i, 53 = y - 3*r - r. Calculate the remainder when y is divided by 14.
13
Suppose 4*w = -0*w + 76. Suppose -330 = 14*z - w*z. Let t = z + -19. Calculate the remainder when t is divided by 12.
11
What is the remainder when -45 + 46 - (-158 - (1 + -3)) is divided by 16?
13
Let q = 40 - 37. Calc